 -11 = -4*h + 1. Suppose c = w + 1, -h = w + 2*w + 3*c. Let l = w - -4. Calculate the remainder when 8 is divided by l.
2
Suppose 30 = -5*j - x + 4*x, 4*j - 5*x + 24 = 0. Calculate the remainder when (-52)/j*3/2 is divided by 5.
3
Let m = -26 - -33. Calculate the remainder when 26 is divided by m.
5
Suppose -4*q = -12, -2*q - 53 = -2*l - q. Suppose p + l = 5*p. What is the remainder when 12 is divided by p?
5
Suppose -c + 3*n = -0*n + 9, 14 = 4*c - 2*n. Let a be 6 - 1 - 2/1. Suppose -a*b = -4*b + 4. What is the remainder when c is divided by b?
2
Let y(v) = 15*v**2 - 1. Let u(m) = -m**2 - 3*m - 1. Let j be u(-3). Let s(n) = -n**3 - 17*n**2 - 18*n - 6. What is the remainder when s(-16) is divided by y(j)?
12
Let a = 229 - 107. Let d = -81 + a. What is the remainder when d is divided by 21?
20
Let b = -142 - -68. Suppose 3*j = 4*j + 45. Let w = j - b. What is the remainder when w is divided by 10?
9
Let d(k) = -k - 5. Let w be d(-9). Let m(s) = 2*s**2 - 5*s + 1. Let z be m(w). Suppose z + 17 = 5*o. Calculate the remainder when 10 is divided by o.
4
Let i(u) = u**2 - 9*u + 4. Calculate the remainder when 9 is divided by i(9).
1
Let o be (-4)/6 + (-4)/(-6). Suppose -4*y + 172 = -o*y. What is the remainder when y is divided by 22?
21
Let n(h) = h**3 + 5*h**2 + 4*h. Let c = -10 - -20. What is the remainder when c is divided by n(-3)?
4
Let a(x) = -73*x**3. What is the remainder when a(-1) is divided by 4?
1
Let q = 11 - 11. Suppose 5*g + t = 115, -5*t + t = q. Calculate the remainder when 43 is divided by g.
20
Suppose 2*u - 30 - 6 = 2*t, 0 = -3*u + 4*t + 55. What is the remainder when 48 is divided by u?
14
Let m = -25 - -44. Calculate the remainder when 73 is divided by m.
16
Suppose 0*f + 3*f - 18 = 0. What is the remainder when (-9)/24 - (-123)/8 is divided by f?
3
Suppose -20 = -0*q + 2*q. What is the remainder when 11 is divided by ((-5)/q)/(2/16)?
3
Let a(f) = -f**3 + 8*f**2 - 5*f - 7. Suppose 2*j + 4*m + 48 = 0, -5*j + 5*m - 17 = -2*j. Let p = -7 - j. What is the remainder when a(p) is divided by 3?
1
Let t(c) = -8*c + 5. Let s be t(-5). Let g = -7 - -12. Suppose -s + g = -4*x. What is the remainder when x is divided by 6?
4
Let n = 207 + -200. Calculate the remainder when 13 is divided by n.
6
Let i(b) = -b**2 + 4*b. Let k be i(4). Suppose g + k*g = z - 37, 3 = 3*g. Let x = -16 + z. What is the remainder when x is divided by 6?
4
Let m(j) = j**2 - 4. Let b be m(4). Let p = b - -23. What is the remainder when p is divided by 18?
17
Let k(x) = -2*x**2 - 18*x + 11. What is the remainder when 23 is divided by k(-9)?
1
Let n be 11*(1 + (4 - 3)). Let f = n - 9. Suppose 5*g = -5*m + 30, 0 = 3*g - 3*m + 2*m - 14. Calculate the remainder when f is divided by g.
3
Let h(n) = -n**2 + 13*n - 14. Let o(j) = j + 2. Let f be o(9). What is the remainder when 15 is divided by h(f)?
7
Suppose -5*c = -21 - 14. Let y = c - 2. Calculate the remainder when -2 + (-1)/((-1)/15) is divided by y.
3
Let o = 57 + -41. What is the remainder when 18 is divided by o?
2
Suppose 0 = 2*z - z - 21. Let x = z + 28. Calculate the remainder when x is divided by 17.
15
Let r(n) = n + 15. Let p be r(-7). Suppose -150 = -p*z + 3*z. Calculate the remainder when z is divided by 16.
14
Suppose -4*y - 244 - 154 = -3*c, 2*c + y = 280. Calculate the remainder when c is divided by 35.
33
Suppose k - 15 = -4*k. Suppose 2*l - 7 + 1 = 0. What is the remainder when k is divided by l?
0
Let q = 36 + -31. What is the remainder when 24 is divided by q?
4
Let w(s) = s**2 + 4*s + 3. Let y be w(-2). What is the remainder when 10 + -12 + (y - -18) is divided by 9?
6
Let w(g) = g**3 + 12*g**2 + 18*g + 8. What is the remainder when w(-7) is divided by 33?
28
Suppose 32 = -4*m + 56. What is the remainder when 45 is divided by m?
3
Let q(k) = 0 + 0*k + 1 - k. What is the remainder when 10 is divided by q(-5)?
4
Let n(f) = f + 2. Let i be n(3). Suppose -15 = -3*y - i*o, -5*y - 3*o = -15 - 10. What is the remainder when 8 is divided by y?
3
Let q(p) = -51*p - 1. Let u be q(1). Let h = -18 - u. What is the remainder when h is divided by 12?
10
Suppose -160 = 2*y - 7*y. Calculate the remainder when 127 is divided by y.
31
Let h(b) = -b**2 - 8*b + 4. What is the remainder when 45 is divided by h(-6)?
13
Let o(i) = -35*i + 1. Let c(n) = -n - 6. Let y be c(-3). Calculate the remainder when o(y) is divided by 27.
25
Let f be ((-5)/10)/((-1)/(-4)). Suppose -71 = -2*w + 5. Calculate the remainder when w is divided by f + 3 - (1 + -20).
18
Let v be ((-19)/(-2))/((-1)/(-2)). Let a = 28 - v. Calculate the remainder when 15 is divided by a.
6
Let o(h) = -h - 20. Let a be o(-18). What is the remainder when (a - -104)*(-6)/(-12) is divided by 18?
15
Let a = -44 + 74. Suppose -3*h = -9 + a. Let k(v) = -v**3 - 8*v**2 - 9*v + 5. What is the remainder when 37 is divided by k(h)?
18
Suppose 0 = -2*z + z + 11. Calculate the remainder when 40 is divided by z.
7
Let u = -5 + 9. Let x = 10 - u. Calculate the remainder when 16 is divided by x.
4
Let f = -34 - -52. Calculate the remainder when f is divided by 5.
3
Calculate the remainder when 76 is divided by (0 + 40)*(54/45)/3.
12
Suppose 0*z = -2*z + 22. What is the remainder when 3182/37*(-2)/(-4) is divided by z?
10
Let l(g) = 7*g**3 - 1. Let p be l(1). Suppose 0 = -4*v + 36. Calculate the remainder when p*(42/9 - 2) is divided by v.
7
Suppose 3*q = -9, 5*r - 3*q - 52 = q. Suppose 2*g - r = 6. Calculate the remainder when g is divided by 3.
1
Suppose 4*z = -1 + 5. Let m = z + 3. Let h(o) = o**3 + 8*o**2 - 9*o + 11. Calculate the remainder when h(-9) is divided by m.
3
Suppose 0 = 3*j + 4*q - 73, 3*j - 2*q - 29 = 56. What is the remainder when j is divided by 6?
3
Suppose 0*j = 5*j - 30. Let l(w) = 3*w - 1. Calculate the remainder when 2/(3 + (-15)/j) is divided by l(1).
0
Let h(j) = -6*j + 2. Let n(v) = -2*v**3 + 3*v + 3. Calculate the remainder when n(-2) is divided by h(-1).
5
Let x = 7 - 2. Let l be 2/x*(4 - -26). Calculate the remainder when (3 - 1) + 0 + l is divided by 4.
2
Suppose k = 29 + 22. Calculate the remainder when k is divided by 13.
12
Let z(i) = -i + 45. Calculate the remainder when 83 is divided by z(0).
38
Let a = 16 - 7. Let b(z) = -z**3 + z**2 + 25. Calculate the remainder when b(0) is divided by a.
7
What is the remainder when 103 is divided by (-104)/(-48)*(1 + 5)?
12
Suppose 4*m - n = -91, 113 = -5*m + 6*n - 4*n. Let y = -10 - m. What is the remainder when 37 is divided by y?
11
Suppose -8 = -5*q - 2*r + 4, 2*r - 2 = 0. Suppose 0*n - 284 = -4*n. Suppose 5*g + q*d = n, 4*g - d - 17 = 3*g. What is the remainder when 29 is divided by g?
14
Let k = -17 - -20. Suppose 0 = 3*p + t + 4*t - 91, -4*p + 102 = -k*t. What is the remainder when 80 is divided by p?
26
Let h = 58 - -4. What is the remainder when h is divided by 16?
14
Let y(s) be the second derivative of s**4/12 - 7*s**3/6 - 9*s**2/2 + 7*s. Calculate the remainder when 33 is divided by y(9).
6
Suppose 0 = 4*k - 23 - 29. What is the remainder when ((-2)/3)/((-1)/57) is divided by k?
12
Let w = 46 - 32. What is the remainder when w is divided by (4*-2)/(-1 + 0)?
6
Let s(w) = w**3 + 2*w - 1. Let j be s(1). Let v be 2/4 + 5/2. Suppose -j*i - 1 + v = 0. What is the remainder when 2 is divided by i?
0
What is the remainder when 33 is divided by 90/20*(-4)/(-3)?
3
Suppose -3*o + 15 = d, -3*o + 88 = 5*d - o. Let g = d + -12. What is the remainder when 17 is divided by g?
5
What is the remainder when -34*-2*4/16 is divided by 5?
2
Let p be (-203)/(-3) + (-13)/(-39). Suppose 0 = 4*l, -4*d + 8*l = 3*l - p. What is the remainder when d is divided by 4?
1
Suppose 0*b - 3*b = -5*a + 33, 5*b - 65 = -5*a. Calculate the remainder when (-4 + 2 - -20) + -2 is divided by a.
7
Suppose -6*a = -5*a - 4*i - 52, 37 = a - i. What is the remainder when a is divided by (-104)/(-6) - (-1)/(-3)?
15
Let y = 3 + -5. What is the remainder when 11 is divided by (y/(-4))/(3/36)?
5
What is the remainder when (1 + -2)/(4/(-164)) is divided by 11?
8
Let y(v) = -2 - 2*v - 2*v - 7*v. Suppose 0 = -2*z + 5 - 15. What is the remainder when y(z) is divided by 18?
17
What is the remainder when 65 is divided by (-212)/(-12) + (-1)/(-3)?
11
Suppose w - 40 = -0*w. What is the remainder when w is divided by 14?
12
Suppose 2*r = 7 - 3. What is